814*f**2 + 812*f**2. What is the units digit of n(0)?
9
Suppose -9 = 3*j, -j = t + 60 - 10. Let g = 117 + t. Suppose 74 + g = 2*u. What is the tens digit of u?
7
What is the hundreds digit of (-77535)/27*6/(-5)?
4
Suppose -43345 = -3*k + r, -3*r = -4*k + 19520 + 38270. What is the hundreds digit of k?
4
Let j = -48994 - -105323. What is the ten thousands digit of j?
5
Let a = -12306 - -22326. What is the units digit of a?
0
Let u = 32 - 178. Suppose 49*l - 1712 = 41*l. Let p = l + u. What is the units digit of p?
8
Suppose k + 4*v = 13, 2*k - 13 = -2*v + 1. Suppose 10 = -k*h + 5*q, -8 = 2*h - 2*q - 2*q. What is the tens digit of (-87)/(h - 4/8)?
7
Suppose -167*p + 156*p + 257587 = 0. What is the ten thousands digit of p?
2
Suppose 7*j - 8*j + 29 = 3*i, 0 = -4*i. Suppose -28380 = -j*v + 7*v. What is the tens digit of v?
9
Suppose -5*o = -2*u - 69511, 180*o = 185*o - 3*u - 69514. What is the thousands digit of o?
3
Let b(u) = 3*u**3 + 35*u**2 + 173*u - 168. What is the thousands digit of b(24)?
5
Suppose -5*a + 40018 = -4*b, -11 = 3*b + 10. What is the thousands digit of a?
7
Suppose -l = 4*l - j - 11, -2*l + 2 = -j. Suppose l*o - 1105 = 689. What is the tens digit of o?
9
Let j = -167 - -166. Let d = 23 - j. What is the units digit of d?
4
Let r = 1652 - -4046. What is the thousands digit of r?
5
Suppose 62 = -o + 3*m, o + 5*m = -0*o - 30. Let k = 52 + o. Suppose -2*a + 39 = n, 0 = -4*n + k*a + 3*a + 169. What is the units digit of n?
1
Let g(q) = q**2 - q + 5. Let d be g(4). Suppose -h = d - 105. Let b = 186 - h. What is the units digit of b?
8
Let c = -1300 - -1859. Let q = c - 267. What is the tens digit of q?
9
Let g(s) = s**2 - 19*s + 44. Let c be g(16). Let o(k) = 2*k**2 + 10*k + 9. Let y be o(c). What is the units digit of (y + 0)/((-11)/(-77))?
7
Let w(g) = -2*g + 1. Suppose 3*i - 6*i + 13 = 2*m, 20 = 4*m. Let z(l) = -39*l + 23. Let n(s) = i*z(s) + 4*w(s). What is the hundreds digit of n(-2)?
1
What is the thousands digit of (-516)/108 - (-6 - -1) - (-3527008)/171?
0
Let h be 44/(-6) + (-12)/18. Let r(b) = -23*b + 23. What is the units digit of r(h)?
7
Suppose -6*v = -13286 - 47824. What is the units digit of v?
5
Let m = -6301 - -6307. Suppose -1 = 2*z + 1. What is the tens digit of 17*m*z/(-2)?
5
Let k be (-1)/(-3) + -7*18/(-189). What is the units digit of 2*-271*1*(-3 + k)?
4
Let n = 59 - 54. Let k(y) = -10*y**2 + 14 + 8*y + n*y + 5*y**2 + 4*y**2. What is the units digit of k(11)?
6
Let i = -225 + 250. Suppose -5*r + 200 = -2*h, -h + 160 + i = 5*r. What is the units digit of r?
8
Suppose 2 = a - h, 0 = -2*h - 10 - 0. Let y be 5/(-15) - (-188)/a. What is the units digit of (-3)/(-2) + y/(-14)?
6
Let p(f) = -16*f**2 - 10*f - 34. Let o be p(-11). Let a = 3164 + o. What is the thousands digit of a?
1
Let q = 74 + -75. What is the hundreds digit of 11097/(-54)*(-1 + q)?
4
Let s be -2182 + 2 + -6 + 3 + 3. What is the units digit of -6 - s/11 - 8/44?
2
Suppose -98*r + 97*r - 5*y = -6832, 3*y + 33992 = 5*r. What is the hundreds digit of r?
8
Let k = -1602 - -11052. What is the tens digit of k?
5
Let z(l) = 42*l**2 + 64*l - 260. What is the hundreds digit of z(-14)?
0
Let y(b) = b**3 - 10*b**2 + b - 7. Let j be ((-180)/(-9))/(2/1). Let o be y(j). Suppose -o = k - 57. What is the units digit of k?
4
Suppose -5*b - 13 = -5*x - 3*b, 4*x - 5*b - 7 = 0. What is the tens digit of ((-832)/80)/(34/(-10) + x)?
2
Suppose -22*r + 257101 = 92552 - 225225. What is the hundreds digit of r?
7
Suppose -3*v - 9 = -0, -5*n - 3*v = 104. Let u(r) = -r**2 - 21*r - 19. What is the units digit of u(n)?
9
Let h(w) be the first derivative of 31 - 8*w + w**3 - 5/2*w**2. What is the units digit of h(-5)?
2
Let w = -4562 - -15758. What is the hundreds digit of w/16*92/69?
9
Let d(b) = 755*b**2 + 2*b - 5. Let t be d(-5). Suppose -t + 60548 = 24*c. What is the thousands digit of c?
1
What is the units digit of 312/(-72) - -3 - (-4270)/3?
2
Suppose q - 3*y - 9276 = y, 5*y = -5*q + 46355. Suppose -49*a + 30*a = -q. What is the hundreds digit of a?
4
Let s(n) = n**2 - 8*n - 52. Let o be s(-21). Let i = 1133 + o. What is the tens digit of i?
9
Let u(z) = 294*z - 224. What is the hundreds digit of u(6)?
5
Let d(z) = 2*z**3 - 177*z**2 + 520*z + 201. What is the tens digit of d(86)?
4
Let x = 9865 - -544. What is the units digit of x?
9
Let u(g) = 60*g - 2. Let w(o) = -2432*o - 135 - 149*o + 222. Let p(d) = 174*u(d) + 4*w(d). What is the hundreds digit of p(1)?
1
What is the tens digit of (1776/5)/((-18)/(-16)*43/2580)?
4
Let j = 4210 - 3258. What is the hundreds digit of j?
9
Suppose -4*t + 3511 = 2*r - 8273, -11782 = -4*t - 3*r. What is the units digit of t?
7
What is the tens digit of 177*((0 - -5) + 10)?
5
Let i = -58 + 66. Let w(m) = m**2 - 12*m - 2*m**2 - 3 + 3*m**2 + i. What is the units digit of w(11)?
5
What is the ten thousands digit of -1146*(-75)/90*28?
2
Suppose -54*o + 29400 = -39*o. Suppose -p - 5*z + 665 = 0, 4*p + z = o + 624. What is the units digit of p?
5
Let f(p) = -p**3 + 16*p**2 + 2*p - 17. Let h be f(16). Let y = 119 + h. Let q = y + -75. What is the tens digit of q?
5
Suppose -8*n - 66 + 146 = 0. Let p(l) = -l**3 + 17*l**2 + l - 24. What is the units digit of p(n)?
6
Suppose -3*t + 8*t - 2*n + 55 = 0, t + 11 = 2*n. Let j(c) = -43*c + 45. Let g(u) = -14*u + 13. Let k(i) = 7*g(i) - 2*j(i). What is the units digit of k(t)?
3
Let f be 0/(-1 + 2 - -1). Suppose f = x - 33. Suppose -67 = -2*q + x. What is the tens digit of q?
5
Let s = 12 - 9. Suppose 2*h + 4*p + 12 = 0, p + s = -2. Suppose h*j + j = 275. What is the units digit of j?
5
What is the thousands digit of (-3)/21*1 + (-36709)/(-7)?
5
Let j be (2 + -2)*9/(-18). Suppose -5*o - 5*a + j*a = -10, -2*o + 4*a = -10. What is the units digit of (-6)/o*-26 - 4?
8
Let z(y) = 575*y**2 - 202*y + 7. What is the units digit of z(-8)?
3
Let m = 33 + -5. Let n = m + -29. What is the units digit of 1 + n/((-4)/432)?
9
Let t(x) = x + 1. Let s(d) be the third derivative of -19*d**4/24 + 10*d**3/3 + 22*d**2. Let b(w) = -s(w) - 2*t(w). What is the hundreds digit of b(9)?
1
Suppose 4*r - 4*d - 68692 = -5*d, 4 = d. What is the units digit of r?
2
What is the thousands digit of 303442/6 - -2*(-96)/72?
0
Let a be (-11)/5*(5 + 6 - 16). Let l(f) = -f**3 + 15*f**2 - 18*f + 3. What is the tens digit of l(a)?
8
Let g be (-3)/((-15)/(-2)) - (-39081)/15. Suppose g = 4*p - 5*k + 689, -3*k = 3*p - 1437. What is the tens digit of p?
7
Let v(b) = b**3 + 7*b**2 - 24. Let u be v(-6). Suppose 6 = 14*l - u*l. What is the tens digit of (-54)/(-4)*(l + 3)?
8
Let m be 12/(-3) - 65 - -4. Let r = -41 - m. Suppose -g + r + 72 = 0. What is the units digit of g?
6
Suppose 5*f = 15*f + 14*f - 115800. What is the units digit of f?
5
Let r(m) = 13*m**2 - m - 2. Let g be r(-4). Let t be 2376/(-20) - 3/15. Let d = g + t. What is the tens digit of d?
9
Suppose -4258 = 115*r - 113*r. Let s = r + 3066. What is the tens digit of s?
3
Let y be 240/((-8)/2) + 4*1. What is the units digit of (-2343)/(-8) + (-7)/y?
3
Let q(j) = -101*j + 3. Let l be q(-1). Let d(w) = -3*w**2 - 3*w - 5. Let s be d(4). Let z = s + l. What is the tens digit of z?
3
Let d(n) = 4*n + 2*n - 10*n**3 + 0*n. Let g be d(-2). Suppose 66*y = g*y - 282. What is the hundreds digit of y?
1
Let c = -20477 - -37635. What is the ten thousands digit of c?
1
Suppose -3*w - 3*p = -3, w = -2*p + 1 + 1. Suppose w = 3*d - 6*d - 6. What is the tens digit of (d - 0)*(-3 - -6 - 24)?
4
Let w(x) = -x**3 + 25*x**2 + 29*x - 108. Let v be w(23). Suppose 37*m - 41*m + 1611 = 3*k, 2*m = -3*k + v. What is the units digit of k?
1
Let z be (6 - 4) + 4 - 1*-4. Let d(c) = 4*c**2 + 7*c - 8. What is the tens digit of d(z)?
6
Let d(y) = -y**3 + 43*y**2 - 40*y + 118. Suppose 277 - 823 = -13*p. What is the tens digit of d(p)?
0
What is the units digit of 6/15 - (2/23 + 474116/(-460))?
1
Let j(y) = 12 + y**2 - 3 + 10*y - 4*y. Let q be j(-5). Suppose -18 = -q*k - 10. What is the units digit of k?
2
Suppose 4934 + 8178 = k + 3*k. What is the tens digit of k?
7
Suppose 0 = -20*m + 149 + 5623 + 2428. What is the hundreds digit of m?
4
Let l = -11270 + 25085. What is the ten thousands digit of l?
1
Let g(y) = -31*y - 16. Let j be g(-5). Let k = 242 - j. What is the units digit of k?
3
Let u(s) = 311*s**3 - 225*s + 1200. 